{"id":50,"date":"2015-03-10T18:34:41","date_gmt":"2015-03-10T18:34:41","guid":{"rendered":"http:\/\/www.poesiadebettinarocha.com\/?page_id=50"},"modified":"2025-07-18T13:02:33","modified_gmt":"2025-07-18T13:02:33","slug":"4-2","status":"publish","type":"page","link":"https:\/\/www.poesiadebettinarocha.com.ar\/?page_id=50","title":{"rendered":"4"},"content":{"rendered":"<table>\n<tbody>\n<tr>\n<td>4<\/p>\n<p>Hoy en mi casa hubo silencio<br \/>\npodr\u00edas haberlo o\u00eddo:<br \/>\nun colch\u00f3n de silencio de<br \/>\nespuma de l\u00e1tex<br \/>\nideas mudas crec\u00edan como hongos blancos<br \/>\nesqueletos de palabras florec\u00edan<br \/>\ncomo malvones<br \/>\npart\u00edculas de polvo flotaban calladas<br \/>\nen la luz del sol<br \/>\nnada se escuch\u00f3 en mi casa hoy<br \/>\nsalvo un \u00fanico ruido<br \/>\ntendr\u00edas que haberlo o\u00eddo:<br \/>\nera el crujido del brote de la hoja<br \/>\ndel palo de agua que abr\u00eda el tallo<br \/>\npara salir<\/p>\n<p>&nbsp;<\/p>\n<p>4<\/p>\n<p>Today, there was a silence at home<br \/>\nyou may have heard it:<br \/>\na latex foam mattress<br \/>\nof silence<br \/>\nmute ideas grew as white fungus<br \/>\nskeleton of words flourish<br \/>\nlike geraniums<br \/>\ndust particles floated quietly<br \/>\nin the light of the sun<br \/>\nnothing was heard in my house today<br \/>\nexcept for a single noise<br \/>\nit was for you to enjoy:<br \/>\nthe creaking of a leafy shoot<br \/>\nof the corn plant opening its stalk<br \/>\nto go out<\/p>\n<p>&nbsp;<\/p>\n<p>&nbsp;<\/p>\n<p>&nbsp;<\/p>\n<p>&nbsp;<\/p>\n<p>&nbsp;<\/p>\n<p>&nbsp;<\/p>\n<p>&nbsp;<\/p>\n<p>&nbsp;<\/p>\n<p>&nbsp;<\/p>\n<p>&nbsp;<\/p>\n<p>&nbsp;<\/p>\n<p>&nbsp;<\/p>\n<p>&nbsp;<\/p>\n<p>&nbsp;<\/p>\n<p>&nbsp;<\/p>\n<p>&nbsp;<\/p>\n<p>&nbsp;<\/td>\n<td><\/td>\n<\/tr>\n<\/tbody>\n<\/table>\n<p>&nbsp;<\/p>\n","protected":false},"excerpt":{"rendered":"<p>4 Hoy en mi casa hubo silencio podr\u00edas haberlo o\u00eddo: un colch\u00f3n de silencio de espuma de l\u00e1tex ideas mudas crec\u00edan como hongos blancos esqueletos de palabras florec\u00edan como malvones part\u00edculas de polvo flotaban calladas en la luz del sol nada se escuch\u00f3 en mi casa hoy salvo un \u00fanico ruido tendr\u00edas que haberlo o\u00eddo:&#8230;<\/p>\n","protected":false},"author":2,"featured_media":0,"parent":5,"menu_order":0,"comment_status":"closed","ping_status":"open","template":"","meta":{"footnotes":""},"class_list":["post-50","page","type-page","status-publish","hentry"],"_links":{"self":[{"href":"https:\/\/www.poesiadebettinarocha.com.ar\/index.php?rest_route=\/wp\/v2\/pages\/50","targetHints":{"allow":["GET"]}}],"collection":[{"href":"https:\/\/www.poesiadebettinarocha.com.ar\/index.php?rest_route=\/wp\/v2\/pages"}],"about":[{"href":"https:\/\/www.poesiadebettinarocha.com.ar\/index.php?rest_route=\/wp\/v2\/types\/page"}],"author":[{"embeddable":true,"href":"https:\/\/www.poesiadebettinarocha.com.ar\/index.php?rest_route=\/wp\/v2\/users\/2"}],"replies":[{"embeddable":true,"href":"https:\/\/www.poesiadebettinarocha.com.ar\/index.php?rest_route=%2Fwp%2Fv2%2Fcomments&post=50"}],"version-history":[{"count":8,"href":"https:\/\/www.poesiadebettinarocha.com.ar\/index.php?rest_route=\/wp\/v2\/pages\/50\/revisions"}],"predecessor-version":[{"id":622,"href":"https:\/\/www.poesiadebettinarocha.com.ar\/index.php?rest_route=\/wp\/v2\/pages\/50\/revisions\/622"}],"up":[{"embeddable":true,"href":"https:\/\/www.poesiadebettinarocha.com.ar\/index.php?rest_route=\/wp\/v2\/pages\/5"}],"wp:attachment":[{"href":"https:\/\/www.poesiadebettinarocha.com.ar\/index.php?rest_route=%2Fwp%2Fv2%2Fmedia&parent=50"}],"curies":[{"name":"wp","href":"https:\/\/api.w.org\/{rel}","templated":true}]}}