{"id":534,"date":"2025-07-10T20:17:10","date_gmt":"2025-07-10T20:17:10","guid":{"rendered":"https:\/\/www.poesiadebettinarocha.com.ar\/?page_id=534"},"modified":"2025-07-10T20:17:10","modified_gmt":"2025-07-10T20:17:10","slug":"16-2","status":"publish","type":"page","link":"https:\/\/www.poesiadebettinarocha.com.ar\/?page_id=534","title":{"rendered":"16"},"content":{"rendered":"<p>&nbsp;<\/p>\n<p>Fuego de pastillas corredor de goma<\/p>\n<p>alguien sabe<\/p>\n<p>que no sobrevivir\u00e9 al miedo<\/p>\n<p>cuando estalle el amor<\/p>\n<p>Aves marinas cruzando el cielo<\/p>\n<p>confusi\u00f3n que ya no importa<\/p>\n<p>s\u00ed sobrevivir\u00e9<\/p>\n<p>16<\/p>\n<p>Fire of pills rubber corridor<\/p>\n<p>some one knows<\/p>\n<p>that I will not survive<\/p>\n<p>when love explotes<\/p>\n<p>Seabirds croassing the sky<\/p>\n<p>confusion that doesn\u2019t matter anymore<\/p>\n<p>yes I will survive<\/p>\n","protected":false},"excerpt":{"rendered":"<p>&nbsp; Fuego de pastillas corredor de goma alguien sabe que no sobrevivir\u00e9 al miedo cuando estalle el amor Aves marinas cruzando el cielo confusi\u00f3n que ya no importa s\u00ed sobrevivir\u00e9 16 Fire of pills rubber corridor some one knows that I will not survive when love explotes Seabirds croassing the sky confusion that doesn\u2019t matter&#8230;<\/p>\n","protected":false},"author":2,"featured_media":0,"parent":501,"menu_order":0,"comment_status":"closed","ping_status":"closed","template":"","meta":{"footnotes":""},"class_list":["post-534","page","type-page","status-publish","hentry"],"_links":{"self":[{"href":"https:\/\/www.poesiadebettinarocha.com.ar\/index.php?rest_route=\/wp\/v2\/pages\/534","targetHints":{"allow":["GET"]}}],"collection":[{"href":"https:\/\/www.poesiadebettinarocha.com.ar\/index.php?rest_route=\/wp\/v2\/pages"}],"about":[{"href":"https:\/\/www.poesiadebettinarocha.com.ar\/index.php?rest_route=\/wp\/v2\/types\/page"}],"author":[{"embeddable":true,"href":"https:\/\/www.poesiadebettinarocha.com.ar\/index.php?rest_route=\/wp\/v2\/users\/2"}],"replies":[{"embeddable":true,"href":"https:\/\/www.poesiadebettinarocha.com.ar\/index.php?rest_route=%2Fwp%2Fv2%2Fcomments&post=534"}],"version-history":[{"count":1,"href":"https:\/\/www.poesiadebettinarocha.com.ar\/index.php?rest_route=\/wp\/v2\/pages\/534\/revisions"}],"predecessor-version":[{"id":535,"href":"https:\/\/www.poesiadebettinarocha.com.ar\/index.php?rest_route=\/wp\/v2\/pages\/534\/revisions\/535"}],"up":[{"embeddable":true,"href":"https:\/\/www.poesiadebettinarocha.com.ar\/index.php?rest_route=\/wp\/v2\/pages\/501"}],"wp:attachment":[{"href":"https:\/\/www.poesiadebettinarocha.com.ar\/index.php?rest_route=%2Fwp%2Fv2%2Fmedia&parent=534"}],"curies":[{"name":"wp","href":"https:\/\/api.w.org\/{rel}","templated":true}]}}