{"id":73,"date":"2015-03-10T18:44:57","date_gmt":"2015-03-10T18:44:57","guid":{"rendered":"http:\/\/www.poesiadebettinarocha.com\/?page_id=73"},"modified":"2025-07-18T12:50:26","modified_gmt":"2025-07-18T12:50:26","slug":"1-2","status":"publish","type":"page","link":"https:\/\/www.poesiadebettinarocha.com.ar\/?page_id=73","title":{"rendered":"1"},"content":{"rendered":"<pre>1<\/pre>\n<p style=\"text-align: justify;\">Contra la locura<\/p>\n<p style=\"text-align: justify;\">de los seres que gastan sus c\u00e9lulas<\/p>\n<p style=\"text-align: justify;\">con la m\u00ednima combusti\u00f3n posible,<\/p>\n<p style=\"text-align: justify;\">\u00a0 \u00a0 \u00a0 \u00a0 \u00a0 \u00a0 \u00a0 \u00a0 \u00a0 \u00a0 \u00a0 \u00a0 \u00a0 \u00a0desde mi vientre<\/p>\n<p style=\"text-align: justify;\">llamo a los nombres de los valientes<\/p>\n<p style=\"text-align: justify;\">fuego, aire, piedra, agua en los ojos<\/p>\n<p style=\"text-align: justify;\">y en las manos<\/p>\n<p style=\"text-align: justify;\">Contra los cobardes tendremos una fiesta, un baile fuera del tiempo<\/p>\n<p style=\"text-align: justify;\">un incendio que arrase la corteza del mundo inmundo<\/p>\n<p style=\"text-align: justify;\">Desde mi vientre llamo<\/p>\n<p>&nbsp;<\/p>\n<p>&nbsp;<\/p>\n<p style=\"text-align: justify;\">1<\/p>\n<table style=\"width: 58.988%; height: 348px;\">\n<tbody>\n<tr style=\"height: 348px;\">\n<td style=\"width: 100%; height: 348px;\">Against the madness<br \/>\nof the beings who waste their cells,<br \/>\nwith the least combustion possible,<br \/>\nfrom inside my womb<br \/>\nI call the names of the braves<\/p>\n<p>fire, air, stone, water in the eyes<span style=\"font-family: inherit; font-size: inherit;\">and <\/span><span style=\"font-family: inherit; font-size: inherit;\">in the hands<\/span><\/p>\n<p>Against the cowards<br \/>\nwe will have a party, a dance out of time<br \/>\na fire to devastate the crust of the filthy known world<\/p>\n<p>From inside my womb I call them<\/td>\n<\/tr>\n<\/tbody>\n<\/table>\n<p>&nbsp;<\/p>\n","protected":false},"excerpt":{"rendered":"<p>1 Contra la locura de los seres que gastan sus c\u00e9lulas con la m\u00ednima combusti\u00f3n posible, \u00a0 \u00a0 \u00a0 \u00a0 \u00a0 \u00a0 \u00a0 \u00a0 \u00a0 \u00a0 \u00a0 \u00a0 \u00a0 \u00a0desde mi vientre llamo a los nombres de los valientes fuego, aire, piedra, agua en los ojos y en las manos Contra los cobardes tendremos una&#8230;<\/p>\n","protected":false},"author":2,"featured_media":0,"parent":5,"menu_order":0,"comment_status":"closed","ping_status":"open","template":"","meta":{"footnotes":""},"class_list":["post-73","page","type-page","status-publish","hentry"],"_links":{"self":[{"href":"https:\/\/www.poesiadebettinarocha.com.ar\/index.php?rest_route=\/wp\/v2\/pages\/73","targetHints":{"allow":["GET"]}}],"collection":[{"href":"https:\/\/www.poesiadebettinarocha.com.ar\/index.php?rest_route=\/wp\/v2\/pages"}],"about":[{"href":"https:\/\/www.poesiadebettinarocha.com.ar\/index.php?rest_route=\/wp\/v2\/types\/page"}],"author":[{"embeddable":true,"href":"https:\/\/www.poesiadebettinarocha.com.ar\/index.php?rest_route=\/wp\/v2\/users\/2"}],"replies":[{"embeddable":true,"href":"https:\/\/www.poesiadebettinarocha.com.ar\/index.php?rest_route=%2Fwp%2Fv2%2Fcomments&post=73"}],"version-history":[{"count":12,"href":"https:\/\/www.poesiadebettinarocha.com.ar\/index.php?rest_route=\/wp\/v2\/pages\/73\/revisions"}],"predecessor-version":[{"id":619,"href":"https:\/\/www.poesiadebettinarocha.com.ar\/index.php?rest_route=\/wp\/v2\/pages\/73\/revisions\/619"}],"up":[{"embeddable":true,"href":"https:\/\/www.poesiadebettinarocha.com.ar\/index.php?rest_route=\/wp\/v2\/pages\/5"}],"wp:attachment":[{"href":"https:\/\/www.poesiadebettinarocha.com.ar\/index.php?rest_route=%2Fwp%2Fv2%2Fmedia&parent=73"}],"curies":[{"name":"wp","href":"https:\/\/api.w.org\/{rel}","templated":true}]}}